 be (2 - -5)*(z - -2). What is the highest common divisor of 63 and b?
7
Let u(m) = 7 - m**2 + 0*m**2 + 17*m - 18*m + 13 + m**3. Let k be u(0). Calculate the highest common factor of k and 40.
20
Let b(i) = 7*i + 15. Let w be b(-11). Let x = w - -403. Calculate the greatest common factor of x and 31.
31
Suppose 88*i = 86*i + 44. Calculate the greatest common divisor of i and 352.
22
Suppose -3*g = 2*z - 1, 2*z - 2*g = -4*g + 2. Let y be ((-595)/14)/(z/(-4)). What is the greatest common divisor of y and 17?
17
Suppose 5 = -3*h + 44. Calculate the highest common divisor of h and 104.
13
Let x be (4/(-10))/((-3)/(-75)). Let w be 4/x + 720/50. What is the highest common factor of 42 and w?
14
Let f be 2/((-1 - -4)/3). Suppose 4*j - 5*m = 283, -f*m = -j - 13 + 83. Suppose -3*k - 15 + j = 0. Calculate the greatest common divisor of k and 76.
19
Let t(j) = 77*j + 1. Let r be t(2). What is the highest common factor of r and 62?
31
Suppose q + 3*p = 3*q + 11, 3*q - 26 = -4*p. Let z(d) = 1 - d - 3 + 8*d. Let t be z(q). What is the highest common divisor of 36 and t?
12
Let d be (0 + -1)/((-4)/340). Calculate the greatest common divisor of d and 34.
17
Suppose 2*w + 42 = 2*u + 6*w, u = w + 9. What is the greatest common divisor of u and 91?
13
Suppose 0 = -b + 2*b - 14. What is the highest common divisor of 154 and b?
14
Let w(j) = -6*j - 8. Let k be w(-6). Suppose -4*f + 0*f + 168 = 2*t, -f = 5*t - 42. What is the highest common divisor of k and f?
14
Let r be (1 - -6 - 3)*4. Let i = 2 - -6. What is the highest common divisor of r and i?
8
Let v(c) = -3*c + 7. Let d be v(5). Let u(f) = f**2 + 2*f + 2. Let k be u(d). What is the highest common factor of 20 and k?
10
Suppose 54 = -3*i + 192. Let u = -26 + i. Calculate the highest common factor of u and 10.
10
Suppose -7 = -2*a + 13. Let n(d) = d**2 - 4*d - 2. Let o be n(5). Let f = 17 + o. What is the highest common factor of f and a?
10
Suppose 0 = l - 0*l + 4. Let u be (-1544)/(-14) + l/14. What is the greatest common divisor of 11 and u?
11
Let i = 216 + -200. Let r = 50 - 26. What is the highest common divisor of i and r?
8
Let h(z) = z**2 + z - 1. Let w(m) = 2 + 2*m - 5 + 1 + m**2. Let x(j) = 3*h(j) - w(j). Let l be x(2). What is the highest common factor of 99 and l?
9
Let w = 102 + -38. Calculate the greatest common divisor of w and 32.
32
Suppose 0*g - 6 = -3*g. Suppose 36 = -3*s + s - 5*y, -s = g*y + 18. Let w be 48/s*18/(-8). Calculate the greatest common factor of w and 42.
6
Let n be 2/2*(-1 - -24). Let q = 68 - n. What is the greatest common factor of 9 and q?
9
Suppose 0 = -3*l - j + 37, 3*l - 4*l - 5*j + 31 = 0. Suppose p = -i + 121, -2*p - l = -1. Let n be 1/(2/24) + 2. What is the highest common divisor of n and i?
14
Suppose 88 = -w + 4*w - u, 5*u = 10. Calculate the greatest common factor of w and 75.
15
Let d be 2/(0 - -1) - 2. Suppose d = g - 4, 0*a = -3*a + 4*g - 10. Let n be (-1)/(-1 - 1/(-2)). What is the greatest common factor of n and a?
2
Suppose 240 = -3*d + 6*d. Let g be (-153)/5 - (-6)/(-15). Let t = 51 + g. Calculate the greatest common divisor of d and t.
20
Suppose -r + 2*r + 4*h = 45, -r - h + 45 = 0. Suppose -r = -6*v + 3*v. Calculate the highest common divisor of v and 60.
15
Suppose -o - 2 = 0, 5*g + o + 9 - 47 = 0. What is the greatest common divisor of 24 and g?
8
Suppose -q = -0*q + 3. Let z(w) = 13*w**2 - 3*w. Let n be z(q). Suppose h + 76 = 4*c, 4*c - 3*h = c + 66. Calculate the greatest common factor of c and n.
18
Let u(h) = -3*h - 20. Let g be u(-10). Calculate the highest common divisor of 10 and g.
10
Let z be -1*(7 - 2)*1. Let t(d) = d + 6. Let w be t(z). What is the greatest common divisor of 9 and w?
1
Let q(o) = 17*o**2 + 3*o + 1. Let z be q(-2). What is the greatest common factor of 21 and z?
21
Let k be (-7)/2*(-60)/7. What is the greatest common factor of k and 300?
30
Let n = 128 - 88. Let z be (-117)/(-6) - 3/(-6). Calculate the highest common factor of n and z.
20
Let k(f) = 6*f**2 + 13*f + 5. Let p be k(-5). Let q(x) = -18*x**3. Let r be q(-1). What is the highest common factor of r and p?
18
Let m(a) = 2*a**2 - a + 4. Let x = 5 - 0. Let g be m(x). Suppose 5*d = g + 101. Calculate the greatest common divisor of 45 and d.
15
Let u(r) = r**2. Let d(w) = -3*w**2 - 11*w + 18. Let s(i) = -d(i) - 2*u(i). Let g be s(-13). What is the highest common divisor of g and 40?
8
Let j = 38 + -27. What is the greatest common factor of j and 88?
11
Let x be 6/(2/2 - -1). Suppose -72 = -2*i + 4*s + 104, -x*s = -15. What is the highest common factor of 14 and i?
14
Let n(l) = l**3 - 7*l**2 + 2. Let v be n(7). Suppose -3*i = -2*h - h - 45, -4*i = -v*h - 54. What is the greatest common divisor of 3 and i?
3
Let p be (-78)/(-13) - (2 - -1). Suppose 220 = 5*s - 5*h, -4*s - p*h - 21 = -197. Calculate the highest common factor of 11 and s.
11
Let v be 60*((-6)/(-4))/3. Suppose -l + v = 4*l. What is the greatest common factor of l and 54?
6
Let f be 34/(-3) - 2/3. Let i = f - -20. Let q be (-1 + 4)/(15/100). Calculate the highest common divisor of q and i.
4
Let a = -36 + -64. Let f be (a/(-6))/((-2)/(-24)). Calculate the greatest common divisor of 25 and f.
25
Suppose -4*j - 172 = -5*o, 3*o - 138 = -o + 3*j. Calculate the greatest common divisor of o and 72.
36
Let m(i) = 39*i**2 + 1. Let t be m(-1). Suppose -254 = -5*w - b + 4*b, -3*b = w - t. What is the greatest common divisor of w and 7?
7
Let u(k) = k + 8. Let j be u(8). Let c = 17 - j. What is the greatest common factor of 9 and c?
1
Let u = 5 + -4. Let p be (-40)/6*24/(-20). What is the highest common factor of p and u?
1
Let i(d) = d**2 + 5*d + 15. Let x be i(-12). Let j be (1/3)/(3/x). What is the greatest common factor of j and 77?
11
Let c = -16 + 24. What is the greatest common factor of 1 and c?
1
Let r be (2*2)/(12/6). Suppose -x + 5*u = r*u - 54, -2*x + 72 = 3*u. Calculate the greatest common factor of 7 and x.
7
Suppose 0*f - 231 = 3*f. Let a be 2*(2 + f/(-2)). What is the greatest common divisor of a and 27?
27
Let q(j) = -j**3 - 8*j**2 + j + 8. Let l be q(-8). Suppose 2*u - 30 = -l*u. What is the greatest common divisor of 5 and u?
5
Let a = 268 - 196. What is the highest common divisor of 144 and a?
72
Suppose 0 = -v + 1 + 9. Let j be 70 - 0*(-3)/(-15). Calculate the highest common factor of j and v.
10
Let p(j) = 7*j**2 - 9*j + 13. Let o be p(2). Calculate the highest common factor of o and 23.
23
Let k(r) = -r**3 + 8*r**2 - 6*r - 5. Let p be k(7). Calculate the greatest common factor of 1 and p.
1
Suppose a = 5*w - 0*a - 44, 0 = 2*w + 4*a. Let x = -7 + 7. Let h = 1 + x. What is the greatest common divisor of w and h?
1
Let r(f) = -f**3 + 17*f**2 + 2*f - 25. Let b be r(17). Calculate the greatest common divisor of 72 and b.
9
Suppose -4*j + 2 = -6, -h + 25 = -4*j. What is the highest common factor of h and 99?
33
Let q = 57 - -63. What is the highest common divisor of 40 and q?
40
Suppose 0 = 3*t + 5*m + 40, -3*t - 2*t + 2*m - 15 = 0. Let n(k) = -k - 2. Let c be n(t). What is the highest common divisor of c and 2?
1
Suppose 0*w = 4*w - 88. Suppose 184 = k + w. Calculate the greatest common divisor of k and 18.
18
Let s be (-2 - -13)/(5/15). Calculate the highest common factor of 11 and s.
11
Suppose 28 = 2*h - 5*i, 0*i = 2*h + 5*i + 12. Calculate the greatest common divisor of h and 32.
4
Suppose -2*b + 37 = -7. Let n be (-26)/(-6) + (-4)/12. Suppose 2*w - 3*s = 113, 178 + 40 = n*w + 2*s. Calculate the highest common divisor of w and b.
11
Suppose 0 = 2*m - m - 4. Suppose m*s - 5 = 435. Suppose 0 = 114*v - 109*v - 110. What is the greatest common divisor of v and s?
22
Let y = 34 + -13. Let j be y/9 + (-2)/6. Suppose t + 55 = 2*a, -t + 80 = j*a + a. Calculate the greatest common divisor of a and 9.
9
Let l be (-6)/(-4) + 2/(-4). Suppose -4*d + 24 = -2*p + 6*p, -3*p - 4*d + 16 = 0. Calculate the highest common factor of l and p.
1
Suppose -5*v + 2*v = -363. What is the highest common divisor of 11 and v?
11
Let s(q) be the first derivative of q**4/4 - q**3 + 3*q**2/2 + 1. Let z be s(2). Suppose z*p - 24 = -2*p. Calculate the highest common factor of p and 30.
6
Suppose 0 = 4*j - 3*l - 117, -4*j - 5*l = -l - 96. Let t = 14 + -20. Let s(i) = -i - 3. Let o be s(t). What is the highest common factor of 